and 594.
22
Calculate the highest common divisor of 15594 and 184.
46
What is the highest common factor of 16839 and 63?
9
Calculate the highest common factor of 35017 and 1455.
97
What is the highest common factor of 1436590 and 20?
10
What is the highest common factor of 38484 and 378?
18
What is the greatest common factor of 26180 and 6596?
68
Calculate the greatest common factor of 2329679 and 33.
11
Calculate the greatest common factor of 22684 and 212.
212
What is the highest common divisor of 210 and 4865?
35
What is the greatest common factor of 50568 and 98?
98
Calculate the greatest common divisor of 225 and 333.
9
Calculate the highest common factor of 53820 and 210312.
828
Calculate the greatest common factor of 114 and 39714.
6
What is the highest common divisor of 1016429 and 131?
131
Calculate the greatest common factor of 1605 and 160.
5
What is the greatest common factor of 451021 and 815?
163
What is the greatest common factor of 390 and 377070?
30
What is the greatest common factor of 2750 and 225?
25
What is the highest common factor of 15575 and 1435?
35
What is the greatest common divisor of 62720 and 735?
245
What is the greatest common divisor of 51 and 53822?
17
What is the highest common divisor of 9234 and 164268?
486
Calculate the greatest common divisor of 400 and 12100.
100
What is the greatest common factor of 18681 and 1248?
39
Calculate the greatest common divisor of 74275 and 175.
25
Calculate the highest common divisor of 2057183 and 3897.
433
What is the highest common divisor of 38205 and 1080?
135
What is the highest common divisor of 1028484 and 1070?
214
What is the greatest common divisor of 25 and 15255?
5
Calculate the greatest common factor of 1383114 and 732.
366
Calculate the highest common factor of 1058 and 1286.
2
What is the greatest common divisor of 56425 and 305?
305
What is the highest common factor of 54161 and 41?
41
What is the highest common divisor of 628440 and 600?
120
Calculate the highest common divisor of 272987 and 598.
299
What is the highest common factor of 30645 and 7264?
227
Calculate the highest common factor of 8400 and 189.
21
Calculate the highest common factor of 3105 and 20.
5
Calculate the greatest common divisor of 498660 and 340.
20
What is the greatest common factor of 28193 and 19723?
121
Calculate the highest common factor of 1971 and 281196.
657
What is the highest common divisor of 50 and 607?
1
Calculate the highest common divisor of 75 and 195675.
75
What is the greatest common divisor of 102 and 30912?
6
What is the greatest common factor of 290 and 5832074?
58
What is the greatest common divisor of 17201 and 16?
1
What is the greatest common divisor of 12067 and 11?
11
Calculate the greatest common factor of 43890 and 14.
14
What is the greatest common divisor of 22457 and 34?
17
What is the greatest common factor of 63 and 63525?
21
What is the greatest common divisor of 208 and 314392?
104
Calculate the highest common factor of 791 and 147.
7
Calculate the highest common factor of 78 and 101166.
78
What is the greatest common divisor of 1581 and 2976?
93
Calculate the greatest common factor of 116 and 1544076.
116
What is the greatest common factor of 684 and 888687?
171
Calculate the greatest common factor of 2146 and 1029007.
1073
What is the greatest common factor of 58435 and 9715?
145
What is the highest common factor of 444 and 38739?
111
What is the highest common divisor of 75 and 561240?
15
Calculate the greatest common factor of 32742 and 11358.
18
What is the highest common factor of 256048 and 23389?
1231
Calculate the highest common factor of 41229 and 405.
81
Calculate the highest common divisor of 1911 and 71736.
147
Calculate the greatest common factor of 7860 and 5505.
15
Calculate the greatest common divisor of 203 and 2971717.
203
What is the highest common factor of 77 and 4180352?
11
What is the highest common divisor of 158796 and 73383?
1203
What is the greatest common factor of 52640 and 40480?
160
Calculate the greatest common divisor of 3538 and 5017.
29
What is the highest common divisor of 3765580 and 112?
28
What is the highest common factor of 31680 and 40?
40
What is the greatest common divisor of 38964 and 24?
12
Calculate the highest common divisor of 304 and 9856.
16
What is the highest common divisor of 487 and 304375?
487
What is the greatest common factor of 33379 and 319?
29
Calculate the highest common factor of 107 and 20437.
107
What is the highest common factor of 156952 and 736?
184
Calculate the highest common factor of 16284 and 33276.
708
What is the highest common factor of 10842 and 22518?
834
Calculate the highest common divisor of 2593402 and 14.
14
Calculate the highest common divisor of 46260 and 800.
20
Calculate the highest common factor of 594232 and 96.
8
Calculate the highest common factor of 791 and 51302.
113
What is the greatest common divisor of 17304 and 9912?
168
What is the greatest common divisor of 43529 and 711?
79
Calculate the greatest common factor of 418 and 243314.
38
Calculate the greatest common divisor of 5885 and 5555.
55
Calculate the greatest common divisor of 40 and 764.
4
What is the greatest common factor of 185020 and 18260?
220
What is the greatest common divisor of 92580 and 180?
60
What is the greatest common factor of 9455 and 899?
31
What is the greatest common factor of 1558 and 12218?
82
What is the greatest common divisor of 2679137 and 597?
199
What is the highest common divisor of 447832 and 462?
154
Calculate the highest common divisor of 151206 and 11.
11
Calculate the greatest common factor of 273 and 31353.
21
Calculate the highest common factor of 137 and 29.
1
Calculate the greatest common factor of 204 and 3844.
4
What is the greatest common divisor of 7136 and 64?
32
What is the greatest common factor of 201 and 335?
67
Calculate the highest common divisor of 133 and 8303.
19
What is the highest common factor of 180 and 148572?
36
What is the greatest common divisor of 2870 and 17302?
82
Calculate the highest common factor of 6532729 and 49.
49
Calculate the greatest common divisor of 176 and 9200.
16
Calculate the highest common factor of 11511 and 63.
9
What is the highest common factor of 80203 and 6347?
577
Calculate the greatest common divisor of 320 and 17050.
10
Calculate the highest common factor of 24 and 19479.
3
Calculate the highest common factor of 20002 and 548.
274
Calculate the highest common factor of 1930 and 8070.
10
Calculate the greatest common factor of 6173888 and 448.
448
Calculate the greatest common factor of 51060 and 20.
20
What is the highest common factor of 3095 and 323118?
619
What is the greatest common factor of 1857152 and 384?
128
What is the greatest common factor of 8748 and 288?
36
What is the greatest common divisor of 30184 and 168?
56
What is the greatest common divisor of 58742 and 506?
46
What is the highest common divisor of 76709 and 79?
79
Calculate the highest common factor of 5 and 391190.
5
Calculate the highest common factor of 108 and 68.
4
Calculate the greatest common factor of 20 and 5767680.
20
Calculate the greatest common factor of 688 and 14964.
172
Calculate the highest common divisor of 1281953 and 289.
17
What is the greatest common divisor of 5344 and 800?
32
What is the highest common factor of 1146880 and 70?
70
Calculate the highest common divisor of 13098 and 66788.
118
Calculate the highest common divisor of 82956 and 868.
124
What is the highest common divisor of 711 and 2528?
79
What is the highest common divisor of 60 and 91520?
20
What is the highest common divisor of 259049 and 161?
161
What is the highest common divisor of 9082 and 79826?
478
Calculate the greatest common factor of 21 and 1124599.
7
Calculate the highest common divisor of 12 and 158244.
12
What is the greatest common factor of 2360 and 2716?
4
What is the greatest common divisor of 106 and 80083?
53
What is the greatest common factor of 20965 and 665?
35
Calculate the highest common factor of 120762 and 36.
18
What is the greatest common factor of 4642 and 68786?
422
What is the greatest common divisor of 1278 and 165501?
639
Calculate the greatest common divisor of 376452 and 36.
36
What is the highest common di